et x(z) = -7711*z + 144. What is the hundreds digit of x(-1)?
8
Suppose 0 = -3*g + g + 3*x - 25, 0 = g - 2*x + 10. Suppose -2*d = -2, 2*j + 477 = -3*j - 3*d. Let t = g - j. What is the tens digit of t?
7
Suppose -53 = 4*q - 6*u + 3*u, -u + 27 = -2*q. Let g = q - -30. Suppose 5*x = 3*y + g, -5*y + 4 = -2*x - 1. What is the units digit of y?
3
Suppose 2*y = -3*d + 4*y - 727, 4*y = d + 259. Let n = 200 - d. What is the units digit of n?
9
Suppose 2*j - 21917 = 24373. What is the ten thousands digit of j?
2
Let d = -1533 - -1693. Suppose -7 - 8 = -5*w. What is the tens digit of d/4 + 0 + w?
4
Let u(q) = q**2 + 27*q - 32. Suppose 2*v - 116 = -5*x, 7*x - 3*v - 79 = 3*x. What is the hundreds digit of u(x)?
0
Let n(j) = j**3 - 2*j**2 - 2*j + 4. Let x be n(6). Let g = 158 - x. What is the units digit of g?
2
Suppose 2*h = -4*f + 2121 + 1505, 3*h = -4*f + 3621. Suppose -b + f = 5*l, -b - b + 5*l = -1773. What is the units digit of b?
4
Suppose 0 = 6*o - 87 - 69. Suppose -5*a + 2*z - 30 = -186, 66 = 2*a + z. Let d = a + o. What is the tens digit of d?
5
Suppose -7*x + 6 = 27. Let a be x*(-4)/(-4) - -11. Suppose -a*v + 4*v + 40 = 0. What is the tens digit of v?
1
Let j = 60613 + -32041. What is the thousands digit of j?
8
Let n be -222*(2 + 1 + -3 + -1). Suppose -2*i = n - 814. What is the hundreds digit of i?
2
Let d(m) = 34*m**3 - 324*m**2 + 71*m - 59. Let f(c) = -7*c**3 + 65*c**2 - 14*c + 12. Let b(p) = 2*d(p) + 11*f(p). What is the units digit of b(7)?
6
Let x be (1*-6)/(3/(-10155)). Suppose -18*a = -x + 1140. What is the thousands digit of a?
1
Suppose -a + 76 = 297. Let i = a + 389. Let j = i + -83. What is the tens digit of j?
8
Let p = 2471 + -1548. Suppose -3*b + 5*b = -3*r + p, -5*b - 2*r + 2280 = 0. What is the units digit of b?
4
Suppose -4*t = -20, -18830 = 15*c - 18*c - 4*t. What is the hundreds digit of c?
2
Suppose -1069758 = -89*o - 14*o. What is the tens digit of o?
8
Let x be (-6152)/(-6) + (-8)/(-3). Suppose 4*t + x = 3*y - 1245, 4*y - 5*t = 3030. What is the tens digit of y?
5
Suppose 5*x = -3*z + 6, -6*z + 4*z + 9 = 5*x. Let w(n) = -56*n**3 + 14*n**2 + 36*n + 1. What is the units digit of w(z)?
1
Let u(y) = y**3 - 16*y**2 - 5*y + 3. What is the tens digit of u(19)?
9
Suppose -87280 = -64*r + 106325 + 31931. What is the units digit of r?
4
Suppose -4*h - 74*f + 38775 = -79*f, 19390 = 2*h - 2*f. What is the thousands digit of h?
9
Let n = 527 - -1000. Suppose -985 = -4*x + n. What is the units digit of x?
8
Let y(k) = 7*k**2 + 487*k - 249. What is the thousands digit of y(-86)?
9
Let x be (-2 + 3)/((-16)/(-48)). Let k(p) = 183*p - 26. What is the tens digit of k(x)?
2
Let c(l) = 3*l + 3. Let d(x) = x + 1. Let u(g) = c(g) - 2*d(g). Let v be u(2). Suppose -625 = -6*r + r - v*a, 2*a + 234 = 2*r. What is the units digit of r?
2
Suppose -20*d + 130166 = -111427 + 21973. What is the hundreds digit of d?
9
Suppose -5*v + 4 = r, -2*r - 3*r + 20 = v. Let p(s) = -2 + 3*s**2 - 3*s - 2*s**3 - 2*s**2 - r*s**3 + s. What is the units digit of p(-1)?
7
Let j = -536 - -541. Suppose -2*w - 596 = -4*o, -o - 3*o = j*w - 610. What is the hundreds digit of o?
1
Suppose -41*d - 286002 + 1880451 = 0. What is the hundreds digit of d?
8
Let s = 25822 - 16112. What is the thousands digit of s?
9
What is the tens digit of (120/180 - 33/9)/(3/(-35983))?
8
Suppose -3*i - 25 = 2*i, -30 = -5*d + 4*i. Let g(r) = r**2 - 15*r - 120. Let t be g(21). Suppose -d*w = -116 + t. What is the tens digit of w?
5
Let l(m) = -15*m + 112. Let f be l(7). What is the tens digit of (-1 - -147) + (21/f - 3)?
4
Suppose 9*c = -659 + 2171. Suppose -d + c = 24. What is the tens digit of d?
4
Suppose -16*l + 136075 = -196389. What is the tens digit of l?
7
Let f = 237 - -383. Suppose 1865 = 5*q + 3*x - f, q - 497 = -5*x. What is the hundreds digit of q?
4
Suppose 2*s = 2*i - 6*i + 16148, -4*i = 4*s - 16156. What is the thousands digit of i?
4
Let j(c) = 24*c**2 + 12. Let y(r) = -r - 1. Let o(k) = j(k) + 15*y(k). What is the hundreds digit of o(4)?
3
Let t be 2350/8 - ((-432)/(-64))/(-27). Let i be (-7)/(2 - 89/44). Suppose 4*p + i = 3*m, -3*p + t = 4*m - m. What is the units digit of m?
0
Let s = -31 - -35. Suppose 3*g = -3*m + s*g, -4*m - 2*g = 0. What is the tens digit of m - -18 - (-6 + 8)?
1
Let j be ((3 - 0) + (-1)/1)*2. Suppose j*a - u + 214 = 6*a, -535 = -5*a + u. Let f = -43 + a. What is the tens digit of f?
6
Let w(y) be the second derivative of -43*y**3/3 + 20*y**2 + y + 49. What is the hundreds digit of w(-6)?
5
Suppose 8*d - 9*d = -4*i - 23, 3*i - d + 18 = 0. Let c(y) be the first derivative of y**3/3 - 8*y + 1. What is the tens digit of c(i)?
1
Let t = 2705 - 1557. Suppose 3*j + t = 3*s - j, 3*s - 1151 = j. What is the tens digit of s?
8
Let y(d) = -20*d + 43. Suppose 2*g - 66 = 4*w, -4*w - 5*g - 86 = 1. What is the units digit of y(w)?
3
Let a(f) = 1136*f**2 + 88*f - 257. What is the ten thousands digit of a(3)?
1
Let z(o) = 11*o - 26. Suppose 3*w = -3*h + w + 8, -2*w = 4*h - 12. Suppose 0 = 3*m - 4*d - 12, 4*d = 2*m - 0*m - h. What is the units digit of z(m)?
2
Let b(v) = v**2 + 11*v - 109. Let y be b(6). What is the tens digit of 1047 - -1*2 - (-3 - y)?
4
Suppose b = -5*t + 94, 3*b - 38 - 35 = -4*t. Let l(y) = y**2 - 3*y + 103. What is the tens digit of l(t)?
0
Let z = 31 - 39. Let l(p) = -p**2 - 9*p - 6. Let r be l(z). Suppose -18 - 30 = -r*t. What is the tens digit of t?
2
Let d = -388 - -4170. What is the thousands digit of d?
3
Let m = -6 + 6. Suppose -2*o - k + 699 = m, -5*o - 4*k = -o - 1408. Suppose -w + 90 + 15 = v, 3*w = 5*v + o. What is the units digit of w?
9
Let n be (48/(-20))/((-4)/4030). Suppose 639 - n = h. What is the units digit of 4 - (h/18 + 6/(-36))?
3
Let c(t) = 10*t**2 - 3*t. Suppose -18*j + 21*j = h + 8, j - 4 = -h. What is the units digit of c(j)?
1
Let y = 320 - 1024. Let u = 1236 + y. What is the hundreds digit of u?
5
Suppose -98670 = -23*v + 27071. Suppose -v = -10*z - 237. What is the units digit of z?
3
Let v(s) = -8*s**2 + 24*s + 6*s**2 - 47 - 65*s. What is the tens digit of v(-16)?
9
Let b(i) = -3*i**2 + 2*i + 26. Let u = 87 + -83. Let w be 0*(-2)/6*u/(-4). What is the tens digit of b(w)?
2
Let i = 68556 - 38357. What is the units digit of i?
9
Let u be (-80)/(-30)*(-90)/(-4). Suppose -5*r = 3*t - 73, -5*t + u = -r - 3*r. What is the tens digit of t/(-6)*(3042/(-24))/13?
2
Let k = -10457 + 30403. What is the ten thousands digit of k?
1
Let b(n) = 11 - 14 + 11*n + 10. Let r = 24 - 22. What is the units digit of b(r)?
9
Suppose 3*g - 6 + 0 = 0. Suppose -20 + 778 = g*h. What is the hundreds digit of h?
3
Let s = 511 + 196. Suppose 4*l - 6*j = 988, -l + 4*l + 4*j - s = 0. What is the tens digit of l?
4
Let f = -2421 - -3706. What is the thousands digit of f?
1
Let a = 2742 - -183. Suppose a = 3*t + 3*r, 4*r = -3*t + 2528 + 402. What is the units digit of t?
0
Let b(q) = -135*q - 9. Let p be b(-4). Let v = p + -187. What is the units digit of v?
4
What is the hundreds digit of (-5968139)/(-965) - (-7)/5?
1
Suppose -c + 1332 = 2*p, c - 499 = 2*p + 837. Suppose 0 = -2*t + 4*t - c. Suppose -6*u = 85 - t. What is the units digit of u?
7
Let x(c) = 45*c - 7. Let l be x(2). Let q = 86 - l. Suppose -a + 3*a + 4*o - 284 = 0, -3*a + 438 = q*o. What is the hundreds digit of a?
1
Let u(k) = -k**2 - 9*k + 70. Let q be u(-14). Suppose q = -132*f + 135*f - 1665. What is the tens digit of f?
5
Suppose 116 = -16*q + 45*q. What is the tens digit of (q/(-6))/((-20)/34140)?
3
Suppose -13*u = -188 - 176. Suppose -5*k + 26*f + 3109 = u*f, f = -3*k + 1865. What is the hundreds digit of k?
6
Let f = 74 + -72. Let m(g) = -2*g**3 + 0*g**f + 7 - 7*g**2 - 4*g + 6*g**2 - 7*g**2. What is the units digit of m(-6)?
5
Let z be (11 - (11 + 3)) + 138 + -1. Suppose r + 5*i = z + 217, 3*i = -r + 349. What is the hundreds digit of r?
3
Let y(d) be the second derivative of -d**3/6 - 249*d**2/2 + 4*d. Let w be y(0). Let q = -106 - w. What is the hundreds digit of q?
1
Let r(l) = -149*l**3 + 20*l**2 + 98*l + 51. What is the ten thousands digit of r(-7)?
5
Suppose 4*u = 2*i + 31 + 51, -3*i - 57 = -3*u. Let r = -179 - -170. Let d = u + r. What is the units digit of d?
3
Let h(d) = 6*d + 48*d - 8 + 19 + 2*d. What is the hundreds digit of h(4)?
2
Let i = -57 - -55. Let q be -2 - (0 + i